it of 409527?
2
What is the ten thousands digit of 2453414?
5
What is the millions digit of 10207119?
0
What is the hundreds digit of 155255?
2
What is the thousands digit of 116656?
6
What is the hundreds digit of 794732?
7
What is the hundred thousands digit of 574198?
5
What is the millions digit of 4084056?
4
What is the thousands digit of 200168?
0
What is the units digit of 13802438?
8
What is the tens digit of 13888505?
0
What is the ten thousands digit of 9062249?
6
What is the hundred thousands digit of 2519928?
5
What is the millions digit of 2651927?
2
What is the hundred thousands digit of 4291754?
2
What is the ten thousands digit of 6019795?
1
What is the hundred thousands digit of 6144708?
1
What is the units digit of 97085?
5
What is the units digit of 4150227?
7
What is the hundreds digit of 7267991?
9
What is the units digit of 3341611?
1
What is the hundreds digit of 1397694?
6
What is the units digit of 9251857?
7
What is the ten thousands digit of 258304?
5
What is the hundred thousands digit of 1220018?
2
What is the millions digit of 7337950?
7
What is the ten thousands digit of 555579?
5
What is the hundred thousands digit of 2020091?
0
What is the units digit of 17550958?
8
What is the tens digit of 595077?
7
What is the hundreds digit of 252002?
0
What is the thousands digit of 3279335?
9
What is the hundred thousands digit of 739534?
7
What is the hundred thousands digit of 3625027?
6
What is the units digit of 292476?
6
What is the ten thousands digit of 550060?
5
What is the tens digit of 11909333?
3
What is the hundreds digit of 4026412?
4
What is the hundred thousands digit of 1300960?
3
What is the hundreds digit of 2040269?
2
What is the hundred thousands digit of 1320644?
3
What is the units digit of 238377?
7
What is the tens digit of 3893453?
5
What is the hundreds digit of 10390675?
6
What is the hundred thousands digit of 1060836?
0
What is the units digit of 7993510?
0
What is the thousands digit of 1271900?
1
What is the hundred thousands digit of 3529756?
5
What is the units digit of 10595068?
8
What is the units digit of 1222092?
2
What is the hundred thousands digit of 2892452?
8
What is the thousands digit of 696774?
6
What is the thousands digit of 378572?
8
What is the hundred thousands digit of 397196?
3
What is the ten thousands digit of 1265703?
6
What is the ten thousands digit of 44854?
4
What is the hundreds digit of 17883?
8
What is the thousands digit of 239830?
9
What is the ten thousands digit of 21605400?
0
What is the tens digit of 322712?
1
What is the thousands digit of 6724418?
4
What is the hundred thousands digit of 3614244?
6
What is the thousands digit of 3266002?
6
What is the tens digit of 474200?
0
What is the hundred thousands digit of 764677?
7
What is the hundreds digit of 250082?
0
What is the ten millions digit of 25128702?
2
What is the units digit of 2721558?
8
What is the ten thousands digit of 405129?
0
What is the millions digit of 4117955?
4
What is the tens digit of 786?
8
What is the thousands digit of 62378?
2
What is the units digit of 557029?
9
What is the hundred thousands digit of 3917764?
9
What is the thousands digit of 2907804?
7
What is the hundred thousands digit of 1782088?
7
What is the hundreds digit of 988580?
5
What is the tens digit of 982944?
4
What is the hundred thousands digit of 126342?
1
What is the thousands digit of 3377456?
7
What is the tens digit of 6525383?
8
What is the thousands digit of 61010?
1
What is the units digit of 97024?
4
What is the tens digit of 54479?
7
What is the hundred thousands digit of 508126?
5
What is the units digit of 2300443?
3
What is the units digit of 7445?
5
What is the tens digit of 255106?
0
What is the tens digit of 3672441?
4
What is the thousands digit of 3302899?
2
What is the tens digit of 675358?
5
What is the tens digit of 5153066?
6
What is the units digit of 107089?
9
What is the units digit of 255303?
3
What is the ten thousands digit of 219052?
1
What is the ten thousands digit of 1022786?
2
What is the ten thousands digit of 4056811?
5
What is the hundreds digit of 670676?
6
What is the ten thousands digit of 497080?
9
What is the thousands digit of 571754?
1
What is the hundreds digit of 411744?
7
What is the ten thousands digit of 459112?
5
What is the ten thousands digit of 2332794?
3
What is the hundred thousands digit of 23276488?
2
What is the tens digit of 1888323?
2
What is the hundred thousands digit of 11645948?
6
What is the millions digit of 1918326?
1
What is the hundreds digit of 152004?
0
What is the tens digit of 36367?
6
What is the thousands digit of 3835327?
5
What is the ten thousands digit of 3058731?
5
What is the hundreds digit of 20450223?
2
What is the tens digit of 28196592?
9
What is the ten thousands digit of 844256?
4
What is the ten thousands digit of 3219777?
1
What is the hundreds digit of 8319415?
4
What is the thousands digit of 305726?
5
What is the tens digit of 121883?
8
What is the ten millions digit of 26100208?
2
What is the tens digit of 6016286?
8
What is the thousands digit of 7965701?
5
What is the hundreds digit of 3341455?
4
What is the units digit of 662229?
9
What is the units digit of 6416262?
2
What is the units digit of 35531?
1
What is the hundred thousands digit of 12015333?
0
What is the tens digit of 381052?
5
What is the thousands digit of 2108116?
8
What is the hundred thousands digit of 185145?
1
What is the ten thousands digit of 73440?
7
What is the hundreds digit of 7349871?
8
What is the units digit of 21982225?
5
What is the units digit of 124020?
0
What is the ten thousands digit of 8470294?
7
What is the ten thousands digit of 169056?
6
What is the thousands digit of 1639982?
9
What is the thousands digit of 1690929?
0
What is the ten millions digit of 23396398?
2
What is the hundreds digit of 1060439?
4
What is the ten thousands digit of 237185?
3
What is the hundreds digit of 287045?
0
What is the tens digit of 34778?
7
What is the units digit of 236181?
1
What is the thousands digit of 1054775?
4
What is the tens digit of 1495481?
8
What is the ten thousands digit of 172037?
7
What is the units digit of 266422?
2
What is the thousands digit of 810908?
0
What is the thousands digit of 584470?
4
What is the thousands digit of 12869934?
9
What is the tens digit of 659862?
6
What is the hundred thousands digit of 198151?
1
What is the ten thousands digit of 23553077?
5
What is the hundred thousands digit of 1273734?
2
What is the millions digit of 1752698?
1
What is the ten thousands digit of 3989236?
8
What is the units digit of 2368998?
8
What is the units digit of 7736433?
3
What is the thousands digit of 842345?
2
What is the tens digit of 266998?
9
What is the ten thousands digit of 803167?
0
What is the thousands digit of 186116?
6
What is the thousands digit of 1890530?
0
What is the hundreds digit of 322610?
6
What is the tens digit of 1380164?
6
What is the units digit of 75723?
3
What is the ten thousands digit of 374012?
7
What is the thousands digit of 872710?
2
What is the ten thousands digit of 968710?
6
What is the units digit of 762769?
9
What is the ten thousands digit of 5600514?
0
What is the ten thousands digit of 972136?
7
What is the ten thousands digit of 33872372?
7
What is the units digit of 59054?
4
What is the thousands digit of 149466?
9
What is the millions digit of 1329775?
1
What is the tens digit of 444952?
5
What is the hundred thousands digit of 14608218?
6
What is the tens digit of 206894?
9
What is the hundreds digit of 1061690?
6
What is the ten thousands digit of 2051211?
5
What is the tens digit of 44170?
7
What is the tens digit of 1455033?
3
What is the hundreds digit of 679837?
8
What is the hundred thousands digit of 316012?
3
What is the units digit of 78022?
2
What is the tens digit of 29071942?
4
What is the millions digit of 5383584?
5
What is the tens digit of 400575?
7
What is the tens digit of 1053376?
7
What is the hundred thousands digit of 550658?
5
What is the units digit of 2867661?
1
What is the ten thousands digit of 4016547?
1
What is the hundred thousands digit of 2153517?
1
What is the tens digit of 19225602?
0
What is the tens digit of 20471014?
1
What is the hundre